2)/(-9) + 1. Calculate the greatest common factor of a and 22.
11
Suppose 3*r + 0*r = 0. Suppose r = 2*l - 2 - 8. Suppose 0 = -2*v + l*v - 54. Calculate the highest common divisor of v and 72.
18
Let o(l) = l**2 + 3*l + 2. Suppose -1 = 4*g - 9. Suppose g*f = -3*f - 15. Let z be o(f). Calculate the greatest common factor of z and 8.
2
Suppose -5*w = -3*n - 230, w + n = -0*w + 46. Let v = -208 - -323. What is the highest common divisor of w and v?
23
Let b be 35 + 1*0/1. Let t = -22 + b. Suppose 3*s = -2*h + 176, -667 = -5*h + 4*s - 204. Calculate the greatest common divisor of t and h.
13
Let r(o) = -o**3 - 14*o**2 - 2*o - 16. Let u be r(-14). Calculate the highest common factor of 24 and u.
12
Suppose -7*j + 3*j = 2*s + 6, 1 = 3*s + 4*j. What is the greatest common divisor of 56 and s?
7
Let m(h) = h**3 - h**2 - 5. Let z be m(0). Let x(a) = a**3 + 9*a**2 + 2*a + 1. Let b be x(z). What is the highest common divisor of b and 13?
13
Let y(r) = 33*r**2 + r - 1. Let m be y(1). Let g be 6 + (-4)/4*3. Calculate the highest common divisor of g and m.
3
Suppose -2*r = -11 + 5. Suppose -4*o - 25 = o, r*p - 54 = -3*o. What is the greatest common divisor of 253 and p?
23
Let i be (2/6)/(3/(-9)). Let k = i - -4. Suppose -m + 1 = 0, k*r + 4*m - 46 = -0*m. What is the greatest common divisor of 14 and r?
14
Suppose 0 = 2*k - 14*k + 12. Calculate the greatest common divisor of 13 and k.
1
Let j(z) = -54*z**3 + 1. Let d = -8 - -7. Let o be j(d). What is the highest common divisor of 5 and o?
5
Let h(b) = b**2 + 2*b - 6. Suppose -i + j + 0*j - 6 = 0, -21 = 2*i - 5*j. Let q = 7 + i. Let m be h(q). Calculate the greatest common divisor of 126 and m.
18
Let w = 72 - 31. Calculate the highest common divisor of 41 and w.
41
Suppose 5*p - 280 = -105. Let f = 29 - -32. Let r = f - p. Calculate the greatest common factor of 39 and r.
13
Let k(d) = -d**3 + 4*d**2 - 1. Suppose 18 = -3*t + 7*t - 3*g, -8 = -2*t + g. Let u be k(t). What is the highest common divisor of 72 and u?
8
Suppose 4*i = 392 - 92. Suppose 3*j + 0*j + 96 = 0. Let u = 62 + j. Calculate the highest common divisor of u and i.
15
Let g(s) = -s**3 + 14*s**2 - s - 13. Let y be g(13). Calculate the greatest common divisor of y and 13.
13
Suppose 0 = 4*s - 4*x - 24, 0 = -4*s + x - 3 + 30. Suppose 2*i = 3 + s. What is the highest common factor of 35 and i?
5
Let n = 7 - -24. Let x = -21 + n. Calculate the highest common factor of 4 and x.
2
Let o(v) = 2*v**2 + 3*v + 1. Let a be o(4). Suppose 6*w + a = w. Let h(u) = -u**2 - 11*u + 9. Let t be h(w). Calculate the highest common factor of t and 9.
9
Suppose -3*a = -9 - 3. Calculate the highest common divisor of 28 and a.
4
Let q be 9/12*(3 - -1). Suppose 3*s + q = 12. Suppose 5*g - 3*n = 41, 5*n + 0 = -g - s. Calculate the greatest common divisor of 63 and g.
7
Let k be (-10)/40 + -2*2578/(-16). What is the highest common divisor of 46 and k?
46
Let b(p) = 4*p. Let m be b(2). Calculate the greatest common factor of 8 and m.
8
Let j(g) = 51*g**2 - g. Suppose -3*b + 1 - 4 = 0. Let s be (1 + -1 - 1)*b. Let a be j(s). What is the greatest common divisor of 10 and a?
10
Suppose -3*x + 195 = -45. Calculate the greatest common divisor of x and 20.
20
Let f(v) = 2*v**2 + 4*v - 1. Let m be f(-3). Calculate the greatest common divisor of m and 15.
5
Let y = 43 + 2. Suppose -5*n + 29 = 9. Suppose i = n*c - 25, -3*i = -4*c + 47 - 12. What is the highest common divisor of y and c?
5
Suppose -2*y = -3 - 7. Suppose -y*l + 4*l = -21. Calculate the greatest common divisor of l and 7.
7
Suppose -40 = -4*h - h. Calculate the greatest common factor of h and 24.
8
Let k(a) = -a + 13. Let j be k(9). Suppose -j*t = -t - 51. Suppose -s = t - 57. Calculate the greatest common divisor of 5 and s.
5
Let z = 63 + -47. What is the greatest common factor of z and 80?
16
Let r = 72 + -41. What is the highest common factor of 62 and r?
31
Suppose -5*u + 4*f + 275 = f, 0 = -3*u + 4*f + 176. Calculate the highest common factor of u and 26.
26
Suppose -t - 4 = 0, 484 = 4*h - 2*t - 308. Calculate the highest common divisor of h and 28.
28
Let k = 16 + -1. Let q(a) = 3*a - 1. Let z be q(1). Suppose 2*p + 537 = 7*p + 4*m, z*m = -5*p + 531. What is the greatest common divisor of p and k?
15
Suppose -3*v = 3*x - 22 + 1, 4*x - 5*v + 17 = 0. Suppose x*k + 32 = 4*k. Calculate the highest common factor of 64 and k.
16
Let g(f) = -f + 2. Let d be g(-7). Calculate the greatest common factor of d and 81.
9
Let f be 4 + 2 + -2 + -1. Let o = -9 + 21. Suppose o = 5*b - 3. What is the highest common divisor of b and f?
3
Suppose 3*r - 13 = -1. Suppose -5*p + w = 5*w - 33, -p + 21 = -r*w. Suppose -p - 15 = -4*b. Calculate the highest common divisor of 2 and b.
2
Let r(h) = h**3 + 3*h**2 - 3*h - 2. Let z be r(-3). Calculate the greatest common divisor of z and 1.
1
Suppose 481 = 20*s + 101. Suppose 79 = -b + 288. What is the greatest common divisor of s and b?
19
Let y be (-11)/((-33)/288) + 0. Calculate the greatest common factor of 12 and y.
12
Let y be (-198)/(-15) + (-2)/10. What is the highest common factor of y and 13?
13
Suppose 5*m = -2 + 12. What is the highest common factor of 26 and m?
2
Let h = -91 + 235. What is the greatest common factor of 18 and h?
18
Let g(c) = -c**3 + 11*c**2 + 3*c + 24. Let z be g(11). Calculate the greatest common factor of z and 38.
19
Let o be (0 + -12)*(-4)/24*2. Calculate the greatest common factor of 36 and o.
4
Let f = -21 + 37. Calculate the greatest common divisor of f and 128.
16
Let y(x) = -3*x**2 - 1. Let i be y(-1). Let l(s) = -2*s + 4. Let k be l(i). What is the greatest common divisor of k and 18?
6
Let p be 12/66 - 1206/(-22). Calculate the highest common factor of 11 and p.
11
Let n(p) = 5*p**2 + 9*p + 9. Let l be n(-4). Calculate the greatest common divisor of 583 and l.
53
Let f = 3 + -4. Let t be f - -4 - (-10 - 5). Let n = 18 - 12. What is the highest common factor of t and n?
6
Let n = -8 + 10. Suppose -n*u + 4 = -2. What is the greatest common factor of u and 12?
3
Let z be 5 + -4 - (-1 + -178). What is the greatest common factor of 18 and z?
18
Let i = 11 + 4. Let x = -11 + i. Suppose 0*r - 8 = -2*r. What is the greatest common factor of r and x?
4
Suppose -25 - 35 = -4*n. What is the highest common factor of n and 5?
5
Suppose -2*z = -2, 4*k = -4*z + 2 + 30. Let o(l) = -78*l**3 - l**2. Let a be o(-1). What is the greatest common divisor of a and k?
7
Let a be (-54)/(-10)*(48/9 - 2). Calculate the highest common factor of a and 144.
18
Let q be 3*(1/(-3) + 3). Let s(w) = w**3 - 9*w**2 + 10*w. Let d be s(q). What is the highest common factor of 2 and d?
2
Suppose -4*q + 114 = 2*q. What is the highest common factor of 209 and q?
19
Suppose 3*k - 4*c = 19, -2*c + 7*c = -2*k + 5. Suppose 0 = 2*u + 2*p - 6, k*p = -5*u + p + 20. What is the greatest common factor of u and 88?
8
Suppose -2*c + 36 = -2*u, -5*c + 55 = 2*u - 0. Suppose -17 = -s + c. What is the greatest common factor of 45 and s?
15
Let q(d) = 2*d - 2. Let f be 4/(-14) - 32/(-14). Let p be q(f). Calculate the greatest common divisor of p and 2.
2
Let a be (-1 - 2*8)*2. Let u = a - -47. Let r = 401 - 284. Calculate the highest common divisor of u and r.
13
Let f(m) = 5*m + 1. Let g be f(2). What is the highest common divisor of 121 and g?
11
Suppose 144 = 10*f - 8*f. What is the highest common factor of 18 and f?
18
Let u be 3 + 3 + (-2)/(-2). Suppose -u = -2*s + 17. Calculate the highest common divisor of s and 36.
12
Let b = 157 + -42. Let v = 99 - 178. Let n = -56 - v. What is the highest common factor of n and b?
23
Let p = 26 + -2. Suppose g = -0*h + 2*h + p, -3*g + 2*h = -72. Let m be (-16)/6*30/(-20). What is the greatest common factor of g and m?
4
Let i be (-9)/15*(-3 + -2). Suppose -12 + 39 = i*x. What is the greatest common factor of 18 and x?
9
Let o be (-2)/4*(9 - 11). Let m(j) = 10*j**3 - j**2. Let x be m(o). What is the highest common divisor of x and 3?
3
Let s be (95/(-2) + 1)/((-1)/2). What is the greatest common factor of 31 and s?
31
Let b be (20/6)/(6/117). What is the greatest common factor of 13 and b?
13
Let v be (-11)/(2*3/(-66)). What is the greatest common factor of v and 11?
11
Suppose -45 = -3*s - 9. What is the greatest common factor of 4 and s?
4
Let j = -23 - -23.